{"id":31735,"date":"2024-03-26T15:32:52","date_gmt":"2024-03-26T14:32:52","guid":{"rendered":"https:\/\/yoann-conte.com\/?page_id=31735"},"modified":"2026-04-02T10:16:17","modified_gmt":"2026-04-02T08:16:17","slug":"cgv","status":"publish","type":"page","link":"https:\/\/yoann-conte.com\/en\/cgv\/","title":{"rendered":"GTC"},"content":{"rendered":"<div class=\"wpb-content-wrapper\"><div class=\"vc_row wpb_row vc_row-fluid mpc-row\"><div class=\"wpb_column vc_column_container vc_col-sm-12 mpc-column\" data-column-id=\"mpc_column-9969f4b1caad17c\"><div class=\"vc_column-inner\"><div class=\"wpb_wrapper\"><div class=\"vc_empty_space\" style=\"height: 32px\"><span class=\"vc_empty_space_inner\"><\/span><\/div><\/div><\/div><\/div><\/div><div class=\"vc_row wpb_row vc_row-fluid mpc-row\"><div class=\"wpb_column vc_column_container vc_col-sm-2 mpc-column\" data-column-id=\"mpc_column-869f4b1caad857\"><div class=\"vc_column-inner\"><div class=\"wpb_wrapper\">\n\t<div class=\"wpb_text_column wpb_content_element\">\n\t\t<div class=\"wpb_wrapper\">\n\t\t\t\n\t\t<\/div>\n\t<\/div>\n<\/div><\/div><\/div><div class=\"wpb_column vc_column_container vc_col-sm-8 mpc-column\" data-column-id=\"mpc_column-9669f4b1caaddff\"><div class=\"vc_column-inner\"><div class=\"wpb_wrapper\">\n\t<div class=\"wpb_text_column wpb_content_element\">\n\t\t<div class=\"wpb_wrapper\">\n\t\t\t<h2><strong>Booking, payment, and guarantee conditions<\/strong><\/h2>\n<h3>1. Booking<\/h3>\n<p style=\"text-align: left;\"><span style=\"font-family: Josefin sans;\">The general terms and conditions of sale and cancellation applicable to online reservations or reservation requests are clearly stated in the relevant forms. Online reservation systems require you to check the box indicating \u201cacceptance of the general terms and conditions of sale\u201d before confirming your reservation.<\/span><\/p>\n<p style=\"text-align: left;\"><span style=\"font-family: Josefin sans;\">In accordance with Article L.121-21-8(12) of the Consumer Code, customers are reminded that they do not have the right of withdrawal provided for in Article L.121-21 of the Consumer Code in respect of accommodation services.<\/span><\/p>\n<p style=\"text-align: left;\"><span style=\"font-family: Josefin sans;\">Tourist taxes, where applicable, are specified on the accommodation provider\u2019s invoice. They are not included in the amounts quoted at the time of booking. The setting of these taxes is beyond the control of SAS YOANN CONTE BORD DU LAC.<\/span><\/p>\n<h3>2. Booking guarantee<\/h3>\n<p style=\"text-align: left;\"><span style=\"font-family: Josefin sans;\">Pour toute r&eacute;servation effectu&eacute;e en ligne ou &agrave; distance (email ou t&eacute;l&eacute;phone), une garantie par carte bancaire est demand&eacute;e.<\/span><\/p>\n<p style=\"text-align: left;\"><span style=\"font-family: Josefin sans;\">This guarantee may take the form of a bank pre-authorisation requiring strong customer authentication (SCA), in accordance with the European Payment Services Directive (PSD2).<\/span><\/p>\n<p style=\"text-align: left;\"><span style=\"font-family: Josefin sans;\">We require a deposit of 100% of the booking total. Payment can be made by VISA, Mastercard or American Express. For payments made by bank transfer, the full amount for the stay will also be required.<\/span><\/p>\n<h3>3. Payment<\/h3>\n<p style=\"text-align: left;\"><span style=\"font-family: Josefin sans;\">For your financial transactions, the yoann-conte.com website uses a secure external payment solution. Credit card payments are processed directly on the payment provider\u2019s secure server.<\/span><\/p>\n<p style=\"text-align: left;\"><span style=\"font-family: Josefin sans;\">At no point is the customer\u2019s credit card number disclosed to SAS YOANN CONTE BORD DU LAC.<\/span><\/p>\n<p style=\"text-align: left;\"><span style=\"font-family: Josefin sans;\">For certain rates, particularly \u2018non-cancellable, non-refundable\u2019 rates, payment in full for the stay may be required at the time of booking. This payment is made via a secure transaction requiring strong customer authentication (SCA). In accordance with the terms and conditions of these rates, no refund will be issued in the event of cancellation or modification.<\/span><\/p>\n<p style=\"text-align: left;\"><span style=\"font-family: Josefin sans;\">Due to an increase in unpaid bills, we no longer accept payments by cheque.<\/span><\/p>\n<h3>4. Cancellation policy<\/h3>\n<p style=\"text-align: left;\"><span style=\"font-family: Josefin sans;\">All cancellations must be made by email. We cannot accept cancellation requests made by telephone.<\/span><\/p>\n<p style=\"text-align: left;\"><span style=\"font-family: Josefin sans;\">The applicable cancellation terms are as follows:<\/span><\/p>\n<p style=\"text-align: left;\"><span style=\"font-family: Josefin sans;\">* Cancellation free of charge if made more than 5 days before arrival.<\/span><\/p>\n<p style=\"text-align: left;\"><span style=\"font-family: Josefin sans;\">* Cancellation less than 5 days (inclusive) before the arrival date, or in the event of a no-show, a change to the booking, or early departure: the full amount will be charged. If your booking was made using a gift voucher, the voucher will be used in full to cover the cancellation fee.<\/span><\/p>\n<div><\/div>\n\n\t\t<\/div>\n\t<\/div>\n<div class=\"vc_empty_space\" style=\"height: 32px\"><span class=\"vc_empty_space_inner\"><\/span><\/div><div class=\"vc_empty_space\" style=\"height: 32px\"><span class=\"vc_empty_space_inner\"><\/span><\/div><\/div><\/div><\/div><div class=\"wpb_column vc_column_container vc_col-sm-2 mpc-column\" data-column-id=\"mpc_column-6469f4b1caadfbc\"><div class=\"vc_column-inner\"><div class=\"wpb_wrapper\"><\/div><\/div><\/div><\/div>\n<\/div>","protected":false},"excerpt":{"rendered":"Conditions de r&eacute;servation, de paiement et de garantie 1. R&eacute;servation Les conditions g&eacute;n&eacute;rales de vente et d&rsquo;annulation li&eacute;es &agrave; la r&eacute;servation en ligne ou &agrave; une demande de r&eacute;servation sont indiqu&eacute;es pr&eacute;cis&eacute;ment dans les formulaires concern&eacute;s. Les solutions de r&eacute;servation en ligne imposent de cocher la case &laquo; acceptation des conditions g&eacute;n&eacute;rales de vente &raquo;","protected":false},"author":1,"featured_media":0,"parent":0,"menu_order":0,"comment_status":"closed","ping_status":"closed","template":"","meta":{"_et_pb_use_builder":"","_et_pb_old_content":"","_et_gb_content_width":"","inline_featured_image":false,"footnotes":""},"class_list":["post-31735","page","type-page","status-publish","hentry"],"yoast_head":"<!-- This site is optimized with the Yoast SEO plugin v27.5 - https:\/\/yoast.com\/product\/yoast-seo-wordpress\/ -->\n<title>CGV - Yoann Conte, un lieu embl\u00e9matique \u00e0 Veyrier-du-lac, o\u00f9 se rencontrent l&#039;\u00e9l\u00e9gance de notre h\u00f4tel 5 \u00e9toiles et la cr\u00e9ativit\u00e9 d\u2019une cuisine gastronomique 2 \u00e9toiles, au c\u0153ur d\u2019un cadre naturel exceptionnel.<\/title>\n<meta name=\"robots\" content=\"index, follow, max-snippet:-1, max-image-preview:large, max-video-preview:-1\" \/>\n<link rel=\"canonical\" href=\"https:\/\/yoann-conte.com\/en\/cgv\/\" \/>\n<meta property=\"og:locale\" content=\"en_GB\" \/>\n<meta property=\"og:type\" content=\"article\" \/>\n<meta property=\"og:title\" content=\"CGV - Yoann Conte, un lieu embl\u00e9matique \u00e0 Veyrier-du-lac, o\u00f9 se rencontrent l&#039;\u00e9l\u00e9gance de notre h\u00f4tel 5 \u00e9toiles et la cr\u00e9ativit\u00e9 d\u2019une cuisine gastronomique 2 \u00e9toiles, au c\u0153ur d\u2019un cadre naturel exceptionnel.\" \/>\n<meta property=\"og:url\" content=\"https:\/\/yoann-conte.com\/en\/cgv\/\" \/>\n<meta property=\"og:site_name\" content=\"Yoann Conte, un lieu embl\u00e9matique \u00e0 Veyrier-du-lac, o\u00f9 se rencontrent l&#039;\u00e9l\u00e9gance de notre h\u00f4tel 5 \u00e9toiles et la cr\u00e9ativit\u00e9 d\u2019une cuisine gastronomique 2 \u00e9toiles, au c\u0153ur d\u2019un cadre naturel exceptionnel.\" \/>\n<meta property=\"article:modified_time\" content=\"2026-04-02T08:16:17+00:00\" \/>\n<meta name=\"twitter:card\" content=\"summary_large_image\" \/>\n<meta name=\"twitter:label1\" content=\"Estimated reading time\" \/>\n\t<meta name=\"twitter:data1\" content=\"3 minutes\" \/>\n<script type=\"application\/ld+json\" class=\"yoast-schema-graph\">{\"@context\":\"https:\\\/\\\/schema.org\",\"@graph\":[{\"@type\":\"WebPage\",\"@id\":\"https:\\\/\\\/yoann-conte.com\\\/cgv\\\/\",\"url\":\"https:\\\/\\\/yoann-conte.com\\\/cgv\\\/\",\"name\":\"CGV - Yoann Conte, un lieu embl\u00e9matique \u00e0 Veyrier-du-lac, o\u00f9 se rencontrent l&#039;\u00e9l\u00e9gance de notre h\u00f4tel 5 \u00e9toiles et la cr\u00e9ativit\u00e9 d\u2019une cuisine gastronomique 2 \u00e9toiles, au c\u0153ur d\u2019un cadre naturel exceptionnel.\",\"isPartOf\":{\"@id\":\"https:\\\/\\\/yoann-conte.com\\\/#website\"},\"datePublished\":\"2024-03-26T14:32:52+00:00\",\"dateModified\":\"2026-04-02T08:16:17+00:00\",\"breadcrumb\":{\"@id\":\"https:\\\/\\\/yoann-conte.com\\\/cgv\\\/#breadcrumb\"},\"inLanguage\":\"en-GB\",\"potentialAction\":[{\"@type\":\"ReadAction\",\"target\":[\"https:\\\/\\\/yoann-conte.com\\\/cgv\\\/\"]}]},{\"@type\":\"BreadcrumbList\",\"@id\":\"https:\\\/\\\/yoann-conte.com\\\/cgv\\\/#breadcrumb\",\"itemListElement\":[{\"@type\":\"ListItem\",\"position\":1,\"name\":\"Accueil\",\"item\":\"https:\\\/\\\/yoann-conte.com\\\/\"},{\"@type\":\"ListItem\",\"position\":2,\"name\":\"CGV\"}]},{\"@type\":\"WebSite\",\"@id\":\"https:\\\/\\\/yoann-conte.com\\\/#website\",\"url\":\"https:\\\/\\\/yoann-conte.com\\\/\",\"name\":\"Yoann Conte, un lieu embl\u00e9matique \u00e0 Veyrier-du-lac, o\u00f9 se rencontrent l&#039;\u00e9l\u00e9gance de notre h\u00f4tel 5 \u00e9toiles et la cr\u00e9ativit\u00e9 d\u2019une cuisine gastronomique 2 \u00e9toiles, au c\u0153ur d\u2019un cadre naturel exceptionnel.\",\"description\":\"Restaurant gastronomique \u00e0 Annecy, Yoann Conte\",\"potentialAction\":[{\"@type\":\"SearchAction\",\"target\":{\"@type\":\"EntryPoint\",\"urlTemplate\":\"https:\\\/\\\/yoann-conte.com\\\/?s={search_term_string}\"},\"query-input\":{\"@type\":\"PropertyValueSpecification\",\"valueRequired\":true,\"valueName\":\"search_term_string\"}}],\"inLanguage\":\"en-GB\"}]}<\/script>\n<!-- \/ Yoast SEO plugin. -->","yoast_head_json":{"title":"CGV - Yoann Conte, un lieu embl\u00e9matique \u00e0 Veyrier-du-lac, o\u00f9 se rencontrent l&#039;\u00e9l\u00e9gance de notre h\u00f4tel 5 \u00e9toiles et la cr\u00e9ativit\u00e9 d\u2019une cuisine gastronomique 2 \u00e9toiles, au c\u0153ur d\u2019un cadre naturel exceptionnel.","robots":{"index":"index","follow":"follow","max-snippet":"max-snippet:-1","max-image-preview":"max-image-preview:large","max-video-preview":"max-video-preview:-1"},"canonical":"https:\/\/yoann-conte.com\/en\/cgv\/","og_locale":"en_GB","og_type":"article","og_title":"CGV - Yoann Conte, un lieu embl\u00e9matique \u00e0 Veyrier-du-lac, o\u00f9 se rencontrent l&#039;\u00e9l\u00e9gance de notre h\u00f4tel 5 \u00e9toiles et la cr\u00e9ativit\u00e9 d\u2019une cuisine gastronomique 2 \u00e9toiles, au c\u0153ur d\u2019un cadre naturel exceptionnel.","og_url":"https:\/\/yoann-conte.com\/en\/cgv\/","og_site_name":"Yoann Conte, un lieu embl\u00e9matique \u00e0 Veyrier-du-lac, o\u00f9 se rencontrent l&#039;\u00e9l\u00e9gance de notre h\u00f4tel 5 \u00e9toiles et la cr\u00e9ativit\u00e9 d\u2019une cuisine gastronomique 2 \u00e9toiles, au c\u0153ur d\u2019un cadre naturel exceptionnel.","article_modified_time":"2026-04-02T08:16:17+00:00","twitter_card":"summary_large_image","twitter_misc":{"Estimated reading time":"3 minutes"},"schema":{"@context":"https:\/\/schema.org","@graph":[{"@type":"WebPage","@id":"https:\/\/yoann-conte.com\/cgv\/","url":"https:\/\/yoann-conte.com\/cgv\/","name":"CGV - Yoann Conte, un lieu embl\u00e9matique \u00e0 Veyrier-du-lac, o\u00f9 se rencontrent l&#039;\u00e9l\u00e9gance de notre h\u00f4tel 5 \u00e9toiles et la cr\u00e9ativit\u00e9 d\u2019une cuisine gastronomique 2 \u00e9toiles, au c\u0153ur d\u2019un cadre naturel exceptionnel.","isPartOf":{"@id":"https:\/\/yoann-conte.com\/#website"},"datePublished":"2024-03-26T14:32:52+00:00","dateModified":"2026-04-02T08:16:17+00:00","breadcrumb":{"@id":"https:\/\/yoann-conte.com\/cgv\/#breadcrumb"},"inLanguage":"en-GB","potentialAction":[{"@type":"ReadAction","target":["https:\/\/yoann-conte.com\/cgv\/"]}]},{"@type":"BreadcrumbList","@id":"https:\/\/yoann-conte.com\/cgv\/#breadcrumb","itemListElement":[{"@type":"ListItem","position":1,"name":"Accueil","item":"https:\/\/yoann-conte.com\/"},{"@type":"ListItem","position":2,"name":"CGV"}]},{"@type":"WebSite","@id":"https:\/\/yoann-conte.com\/#website","url":"https:\/\/yoann-conte.com\/","name":"Yoann Conte, un lieu embl\u00e9matique \u00e0 Veyrier-du-lac, o\u00f9 se rencontrent l&#039;\u00e9l\u00e9gance de notre h\u00f4tel 5 \u00e9toiles et la cr\u00e9ativit\u00e9 d\u2019une cuisine gastronomique 2 \u00e9toiles, au c\u0153ur d\u2019un cadre naturel exceptionnel.","description":"Gastronomic restaurant in Annecy, Yoann Conte","potentialAction":[{"@type":"SearchAction","target":{"@type":"EntryPoint","urlTemplate":"https:\/\/yoann-conte.com\/?s={search_term_string}"},"query-input":{"@type":"PropertyValueSpecification","valueRequired":true,"valueName":"search_term_string"}}],"inLanguage":"en-GB"}]}},"_links":{"self":[{"href":"https:\/\/yoann-conte.com\/en\/wp-json\/wp\/v2\/pages\/31735","targetHints":{"allow":["GET"]}}],"collection":[{"href":"https:\/\/yoann-conte.com\/en\/wp-json\/wp\/v2\/pages"}],"about":[{"href":"https:\/\/yoann-conte.com\/en\/wp-json\/wp\/v2\/types\/page"}],"author":[{"embeddable":true,"href":"https:\/\/yoann-conte.com\/en\/wp-json\/wp\/v2\/users\/1"}],"replies":[{"embeddable":true,"href":"https:\/\/yoann-conte.com\/en\/wp-json\/wp\/v2\/comments?post=31735"}],"version-history":[{"count":11,"href":"https:\/\/yoann-conte.com\/en\/wp-json\/wp\/v2\/pages\/31735\/revisions"}],"predecessor-version":[{"id":35455,"href":"https:\/\/yoann-conte.com\/en\/wp-json\/wp\/v2\/pages\/31735\/revisions\/35455"}],"wp:attachment":[{"href":"https:\/\/yoann-conte.com\/en\/wp-json\/wp\/v2\/media?parent=31735"}],"curies":[{"name":"wp","href":"https:\/\/api.w.org\/{rel}","templated":true}]}}

<!-- This site is optimized with the Yoast SEO plugin v27.5 - https://yoast.com/product/yoast-seo-wordpress/ -->
<title>CGV - Yoann Conte, un lieu emblématique à Veyrier-du-lac, où se rencontrent l&#039;élégance de notre hôtel 5 étoiles et la créativité d’une cuisine gastronomique 2 étoiles, au cœur d’un cadre naturel exceptionnel.</title>
<meta name="robots" content="index, follow, max-snippet:-1, max-image-preview:large, max-video-preview:-1" />
<link rel="canonical" href="https://yoann-conte.com/en/cgv/" />
<meta property="og:locale" content="en_GB" />
<meta property="og:type" content="article" />
<meta property="og:title" content="CGV - Yoann Conte, un lieu emblématique à Veyrier-du-lac, où se rencontrent l&#039;élégance de notre hôtel 5 étoiles et la créativité d’une cuisine gastronomique 2 étoiles, au cœur d’un cadre naturel exceptionnel." />
<meta property="og:url" content="https://yoann-conte.com/en/cgv/" />
<meta property="og:site_name" content="Yoann Conte, un lieu emblématique à Veyrier-du-lac, où se rencontrent l&#039;élégance de notre hôtel 5 étoiles et la créativité d’une cuisine gastronomique 2 étoiles, au cœur d’un cadre naturel exceptionnel." />
<meta property="article:modified_time" content="2026-04-02T08:16:17+00:00" />
<meta name="twitter:card" content="summary_large_image" />
<meta name="twitter:label1" content="Estimated reading time" />
	<meta name="twitter:data1" content="3 minutes" />
<script type="application/ld+json" class="yoast-schema-graph">{"@context":"https:\/\/schema.org","@graph":[{"@type":"WebPage","@id":"https:\/\/yoann-conte.com\/cgv\/","url":"https:\/\/yoann-conte.com\/cgv\/","name":"CGV - Yoann Conte, un lieu emblématique à Veyrier-du-lac, où se rencontrent l&#039;élégance de notre hôtel 5 étoiles et la créativité d’une cuisine gastronomique 2 étoiles, au cœur d’un cadre naturel exceptionnel.","isPartOf":{"@id":"https:\/\/yoann-conte.com\/#website"},"datePublished":"2024-03-26T14:32:52+00:00","dateModified":"2026-04-02T08:16:17+00:00","breadcrumb":{"@id":"https:\/\/yoann-conte.com\/cgv\/#breadcrumb"},"inLanguage":"en-GB","potentialAction":[{"@type":"ReadAction","target":["https:\/\/yoann-conte.com\/cgv\/"]}]},{"@type":"BreadcrumbList","@id":"https:\/\/yoann-conte.com\/cgv\/#breadcrumb","itemListElement":[{"@type":"ListItem","position":1,"name":"Accueil","item":"https:\/\/yoann-conte.com\/"},{"@type":"ListItem","position":2,"name":"CGV"}]},{"@type":"WebSite","@id":"https:\/\/yoann-conte.com\/#website","url":"https:\/\/yoann-conte.com\/","name":"Yoann Conte, un lieu emblématique à Veyrier-du-lac, où se rencontrent l&#039;élégance de notre hôtel 5 étoiles et la créativité d’une cuisine gastronomique 2 étoiles, au cœur d’un cadre naturel exceptionnel.","description":"Restaurant gastronomique à Annecy, Yoann Conte","potentialAction":[{"@type":"SearchAction","target":{"@type":"EntryPoint","urlTemplate":"https:\/\/yoann-conte.com\/?s={search_term_string}"},"query-input":{"@type":"PropertyValueSpecification","valueRequired":true,"valueName":"search_term_string"}}],"inLanguage":"en-GB"}]}</script>
<!-- / Yoast SEO plugin. -->

CGV - Yoann Conte, un lieu emblématique à Veyrier-du-lac, où se rencontrent l&#039;élégance de notre hôtel 5 étoiles et la créativité d’une cuisine gastronomique 2 étoiles, au cœur d’un cadre naturel exceptionnel.

Yoann Conte, un lieu emblématique à Veyrier-du-lac, où se rencontrent l&#039;élégance de notre hôtel 5 étoiles et la créativité d’une cuisine gastronomique 2 étoiles, au cœur d’un cadre naturel exceptionnel.
